t common divisor of g and 6.
6
Let c be 1 + (-5 - -8)/(9/39). Let f(w) = 3*w**2 + 2*w + 2. Let i be f(-1). Suppose -14 = -i*y + 322. Calculate the greatest common factor of c and y.
14
Let r be (-3)/2*16800/(-180). What is the greatest common divisor of r and 4732?
28
Suppose -z + 0 = -4. Let m(t) be the second derivative of 4*t**3/3 - 8*t**2 - 485*t + 1. Let n be m(z). What is the greatest common divisor of 8 and n?
8
Suppose 4*a - 4 = g, 5*a = 2*g + 2*a + 33. Let t be 2/(0 - (-1)/(-21)). Let p = g - t. What is the highest common factor of p and 18?
18
Suppose 2*y - 47 = -5*c, 23 = c + 4*y - 7*y. Let f(g) = 57*g - 57. Let a be f(c). Calculate the greatest common divisor of 30 and a.
30
Suppose 5*i = -86 + 96. Suppose -28 = -2*w + i*r - 6, 0 = 4*w + 3*r - 9. Calculate the highest common factor of w and 150.
6
Let w = -343 + 340. Let b(q) = -q**2 - 10*q + 10. Let v be b(w). What is the highest common factor of v and 155?
31
Let l(a) = 7*a + 1. Let z be 2/8 - 1/4*1. Suppose -5*y + 2 = -m - z*y, -5*m - 3*y + 18 = 0. Let v be l(m). What is the highest common divisor of 242 and v?
22
Suppose 7*k + 82 = 418. Suppose t - 1 - k = 0. Calculate the highest common divisor of 7 and t.
7
Let t = -1999 + 1084. Let n be 22/44 + t/(-6). Calculate the highest common divisor of n and 6.
3
Suppose -73*d - 35 = -77*d - h, 15 = 5*h. What is the greatest common factor of d and 548?
4
Suppose -195*a + 203*a - 7776 = 0. Suppose -a + 262 = -10*h. What is the greatest common divisor of 1136 and h?
71
Let y be (-1 + 114 + 4)*1. Suppose -11*w + 46 = -53. What is the highest common divisor of y and w?
9
Let a(p) = 23*p - 18*p**2 - 36*p**3 + 87*p**3 - 17 - 50*p**3. Let g = 15 + 2. Let d be a(g). What is the highest common divisor of d and 34?
17
Let c be 3/3 - (-2 - -2). Let w = 9 - c. Suppose 5*i - 10*i + 51 = -3*m, -m + 3 = 0. What is the highest common divisor of i and w?
4
Suppose 4*f - 5*u = 75, -5*u + 15 = 3*f - f. Let t = 18548 - 18508. What is the greatest common factor of t and f?
5
Let g(b) = -b + 4. Let p = 16 - 3. Suppose 2*z + 0*w = -5*w - 5, 2*z + p = 3*w. Let s be g(z). What is the highest common divisor of 99 and s?
9
Suppose 0*u - 2703 = -4*u + 5*t, 0 = u - t - 677. Suppose -17944*i + 181 = 4*g - 17945*i, -103 = -2*g + 3*i. What is the highest common factor of u and g?
22
Let h(s) = s**3 - 10*s**2 + 2*s - 27. Let n be h(6). Let p = -15 - n. What is the greatest common factor of 9 and p?
9
Let j be (((-6)/(-14))/(3/(-8)))/((-1901)/53228). What is the highest common factor of j and 6752?
32
Suppose 5*z - 315 = -2*b, -4*z + 3*z + 86 = 5*b. Let l = 88 - z. Let w = 106478 - 106262. Calculate the greatest common divisor of l and w.
27
Let h(c) = 6*c**2 + 3*c. Let i be h(-2). Let u(l) = -155*l - 5025. Let n be u(-33). What is the greatest common factor of i and n?
18
Suppose 113 = -20*m + 13. Let a be (m/10)/(-1) + 53/2. What is the highest common factor of a and 81?
27
Suppose -5*a = 3*a - 28804 - 1316. Calculate the greatest common factor of a and 75.
15
Let g(f) = -124*f + 4839. Let z be g(39). Let k(w) = -w**2 + 7*w - 4. Let i be k(5). What is the greatest common factor of i and z?
3
Let w(i) = -i**3 + 56*i**2 + 58*i - 55. Let c be w(57). Calculate the highest common divisor of c and 98.
2
Suppose 37265 = -15*t + 116030. Calculate the greatest common factor of t and 354.
59
Suppose 12 = 3*t, -7*r + 2*t = -4*r - 298. What is the greatest common factor of r and 187?
17
Suppose 2*p + 5*u = 719, 4*u + 1044 = 10*p - 7*p. What is the greatest common factor of 128 and p?
32
Let r = -4217 + 4220. Calculate the highest common factor of 699 and r.
3
Let s be -19 + 17 - (6 + -248). Calculate the greatest common factor of s and 3280.
80
Suppose -5*v + 4*s = -46367, 5247*v = 5246*v + s + 9273. Calculate the greatest common factor of 14 and v.
7
Suppose 2*n = -1 - 3. Let d(b) = 12*b + 31. Let v(w) = 3*w + 8. Let z(a) = n*d(a) + 9*v(a). Let p be z(0). What is the greatest common factor of p and 5?
5
Let a = -61 + 68. Suppose -a = 4*m - 7. Suppose m = 55*f - 52*f - 99. Calculate the greatest common factor of 6 and f.
3
Let c be 71/((-12)/(-13 - -1)). What is the highest common divisor of 923 and c?
71
Let m(t) = 136*t + 3. Let d be m(6). Suppose -3*g = -l + 88, l + g - 3*g - 89 = 0. Calculate the highest common divisor of d and l.
91
Let j = -145 + 229. Let c = 94 - j. Calculate the highest common factor of 55 and c.
5
Suppose 0*j + 3*o - 291 = -4*j, j = -4*o + 89. Let g = 10 + -64. Let v = g + j. Calculate the greatest common factor of v and 165.
15
Let l = 2 - -9. Suppose 0 = 5*c - 106 - 59. What is the highest common factor of l and c?
11
Let n(d) = 10 + 0 - 8*d - 3*d**3 + 10*d**2 + 2*d**3 + 5. Let b be n(6). What is the highest common divisor of 37 and b?
37
Let p(o) = -o + 60. Let x be 2 + -4 + (20 - -1). Let q be p(x). Let w = 90 - -156. Calculate the highest common divisor of w and q.
41
Let r(p) = -97*p**3 + 48*p**2 + 154*p - 9. Let w be r(-3). Calculate the highest common divisor of 1075 and w.
215
Suppose 4*f = -y + 3*y + 282, 5*f + y = 335. Let r = 4863 + -4812. Calculate the greatest common factor of r and f.
17
Let n(h) be the third derivative of h**4/4 + 15*h**3 + 3*h**2 + 2*h. Let t be n(6). Let a = -29 + 36. What is the highest common factor of t and a?
7
Let x(f) = -5*f**2 + 26 - 2*f + 3*f**2 + 0*f. Let j be 6 + (44/(-4) - -5). Let r be x(j). What is the greatest common divisor of 52 and r?
26
Let f(z) = 8*z**2 - 11*z + 100. Let a be f(7). Let p = -381 + a. Let o(u) = 15*u - 5. Let m be o(6). What is the highest common factor of m and p?
17
Let r(q) = 55*q - 370. Let s(n) = -3*n + 1. Let d(z) = r(z) - 3*s(z). Let g be d(6). Let p = 24 + 53. What is the highest common factor of p and g?
11
Let j be (-2)/7 + ((-9)/(-5))/((-1050)/(-9253000)). Calculate the greatest common factor of 14 and j.
14
Suppose 10*f + 153 = 993. Let l be (9/(-6) - -1)*0. Suppose l*x = 3*x - f. Calculate the highest common factor of x and 70.
14
Suppose -3*r + 394 = 3*z - 857, -1 = -r. What is the greatest common divisor of z and 494?
26
Let p be 0/(-1) + (2 - -202). Let d(q) = -9*q + 77. Let g be d(8). Suppose -5*s + 6 - 4 = n, g*s + 22 = n. Calculate the greatest common divisor of p and n.
12
Let v = 705 - 336. Let t = v - 342. What is the highest common factor of 396 and t?
9
Let h be 24*16/(-64) - 60396/(-3). Calculate the greatest common factor of h and 87.
29
Let r(w) = 24*w**2 - 47*w + 164. Let v be r(4). What is the greatest common divisor of 19260 and v?
180
Let i(v) = v - 30. Let r be i(30). Suppose 5*m - p - 263 = 126, r = 4*p + 16. What is the highest common factor of m and 21?
7
Suppose -3*b - 5*q = -8420, 0 = -4*b + 8*q - 3*q + 11215. Calculate the highest common divisor of 374 and b.
187
Let y(a) = 526*a**2 + 38*a - 198. Let v be y(3). Calculate the greatest common factor of v and 450.
150
Let p be (3 - -3)/((-1)/(-18)). Suppose -2*r = r - p. What is the highest common divisor of 276 and r?
12
Let z = 4547 - 4076. Calculate the greatest common factor of 2512 and z.
157
Suppose 4*i = z - 177, -10*z - 5*i - 930 = -15*z. Suppose -28*q + 21*q = -z. Let k = 15 - 9. What is the greatest common factor of k and q?
3
Suppose 55 + 188 = 9*q. Let b be (-4 + 26/6)*q. Calculate the greatest common factor of 207 and b.
9
Let x = -213 + 207. Let j(y) = y**3 + 9*y**2 - 3*y - 32. Let g be j(x). What is the highest common divisor of g and 752?
94
Suppose 1000 = -0*r + 8*r. Let d = -103 + r. Calculate the highest common divisor of 110 and d.
22
Suppose 358 = 9*d - 38. Let q = d + -36. Suppose 241 + 39 = 5*h. Calculate the highest common divisor of q and h.
8
Let y be 290710/12 + 152/57 - (-3)/(-6). What is the highest common factor of y and 9?
9
Suppose -814*c + 811*c + 17 = 2*a, c - 2*a - 3 = 0. What is the greatest common divisor of 8315 and c?
5
Let l(b) = b**3 - 7*b**2 + 6*b. Let s = -48 - -54. Let c be l(s). Let i(o) = -o**2 + o + 1. Let u be i(c). Calculate the greatest common factor of 11 and u.
1
Suppose -6*q + q - 2*k = -46, 3*k - 17 = -q. Let t(c) = c**2 + 3*c - 10. Let g be t(-14). Suppose -n - n = -g. Calculate the highest common divisor of q and n.
8
Suppose -3593*l = -3578*l - 244 - 2816. What is the greatest common factor of 1972 and l?
68
Suppose 0 = 134*l - 19 - 785. Wh